r when 367 is divided by 47?
38
What is the remainder when 525 is divided by 141?
102
What is the remainder when 187 is divided by 39?
31
Calculate the remainder when 77 is divided by 16.
13
What is the remainder when 360 is divided by 80?
40
Calculate the remainder when 816 is divided by 39.
36
What is the remainder when 206 is divided by 160?
46
Calculate the remainder when 94 is divided by 48.
46
Calculate the remainder when 705 is divided by 234.
3
Calculate the remainder when 3750 is divided by 198.
186
What is the remainder when 32 is divided by 17?
15
Calculate the remainder when 900 is divided by 8.
4
What is the remainder when 305 is divided by 35?
25
Calculate the remainder when 215 is divided by 63.
26
What is the remainder when 797 is divided by 14?
13
What is the remainder when 304 is divided by 36?
16
What is the remainder when 643 is divided by 588?
55
Calculate the remainder when 168 is divided by 31.
13
What is the remainder when 429 is divided by 7?
2
Calculate the remainder when 143 is divided by 16.
15
What is the remainder when 3335 is divided by 71?
69
What is the remainder when 1011 is divided by 334?
9
What is the remainder when 223 is divided by 10?
3
What is the remainder when 4080 is divided by 53?
52
What is the remainder when 197 is divided by 18?
17
Calculate the remainder when 1239 is divided by 405.
24
What is the remainder when 1241 is divided by 27?
26
What is the remainder when 2600 is divided by 77?
59
Calculate the remainder when 32 is divided by 32.
0
What is the remainder when 150 is divided by 38?
36
What is the remainder when 79 is divided by 61?
18
Calculate the remainder when 2153 is divided by 90.
83
Calculate the remainder when 17 is divided by 9.
8
Calculate the remainder when 337 is divided by 27.
13
Calculate the remainder when 195 is divided by 98.
97
Calculate the remainder when 7071 is divided by 13.
12
What is the remainder when 1540 is divided by 761?
18
Calculate the remainder when 823 is divided by 15.
13
Calculate the remainder when 36518 is divided by 40.
38
What is the remainder when 170 is divided by 27?
8
What is the remainder when 62 is divided by 21?
20
Calculate the remainder when 254 is divided by 20.
14
What is the remainder when 1288 is divided by 107?
4
What is the remainder when 24 is divided by 16?
8
What is the remainder when 307 is divided by 25?
7
Calculate the remainder when 353 is divided by 129.
95
What is the remainder when 34075 is divided by 307?
305
What is the remainder when 837 is divided by 94?
85
Calculate the remainder when 2074 is divided by 231.
226
Calculate the remainder when 193 is divided by 91.
11
Calculate the remainder when 173 is divided by 49.
26
Calculate the remainder when 452 is divided by 46.
38
Calculate the remainder when 1023 is divided by 253.
11
Calculate the remainder when 1221 is divided by 1207.
14
What is the remainder when 748 is divided by 98?
62
What is the remainder when 341 is divided by 89?
74
What is the remainder when 26598 is divided by 28?
26
Calculate the remainder when 104 is divided by 42.
20
Calculate the remainder when 17032 is divided by 51.
49
Calculate the remainder when 929 is divided by 130.
19
Calculate the remainder when 4811 is divided by 112.
107
Calculate the remainder when 261 is divided by 44.
41
What is the remainder when 12280 is divided by 138?
136
What is the remainder when 1195 is divided by 21?
19
Calculate the remainder when 1028 is divided by 330.
38
Calculate the remainder when 202 is divided by 198.
4
Calculate the remainder when 499 is divided by 25.
24
Calculate the remainder when 1735 is divided by 60.
55
What is the remainder when 46 is divided by 4?
2
What is the remainder when 252 is divided by 49?
7
What is the remainder when 1471 is divided by 184?
183
What is the remainder when 287 is divided by 142?
3
What is the remainder when 4764 is divided by 28?
4
What is the remainder when 131 is divided by 32?
3
Calculate the remainder when 50 is divided by 23.
4
What is the remainder when 153 is divided by 27?
18
What is the remainder when 609 is divided by 69?
57
Calculate the remainder when 1917 is divided by 62.
57
What is the remainder when 76 is divided by 68?
8
Calculate the remainder when 1733 is divided by 35.
18
What is the remainder when 13 is divided by 8?
5
Calculate the remainder when 921 is divided by 12.
9
Calculate the remainder when 1349 is divided by 18.
17
Calculate the remainder when 101 is divided by 4.
1
Calculate the remainder when 167 is divided by 19.
15
Calculate the remainder when 35 is divided by 16.
3
Calculate the remainder when 1460 is divided by 48.
20
Calculate the remainder when 145 is divided by 4.
1
What is the remainder when 1794 is divided by 15?
9
Calculate the remainder when 126 is divided by 26.
22
What is the remainder when 1558 is divided by 12?
10
Calculate the remainder when 30 is divided by 23.
7
What is the remainder when 1007 is divided by 487?
33
Calculate the remainder when 1506 is divided by 744.
18
What is the remainder when 4732 is divided by 128?
124
Calculate the remainder when 237 is divided by 22.
17
Calculate the remainder when 910 is divided by 38.
36
What is the remainder when 12898 is divided by 43?
41
What is the remainder when 119 is divided by 24?
23
Calculate the remainder when 201 is divided by 16.
9
Calculate the remainder when 99 is divided by 5.
4
Calculate the remainder when 683 is divided by 76.
75
Calculate the remainder when 2085 is divided by 7.
6
Calculate the remainder when 714 is divided by 65.
64
Calculate the remainder when 2606 is divided by 90.
86
What is the remainder when 296 is divided by 79?
59
Calculate the remainder when 175 is divided by 15.
10
Calculate the remainder when 113 is divided by 19.
18
What is the remainder when 322 is divided by 57?
37
What is the remainder when 389 is divided by 23?
21
Calculate the remainder when 2097 is divided by 160.
17
Calculate the remainder when 87 is divided by 31.
25
Calculate the remainder when 479 is divided by 125.
104
What is the remainder when 494 is divided by 250?
244
Calculate the remainder when 758 is divided by 20.
18
Calculate the remainder when 135 is divided by 12.
3
Calculate the remainder when 191 is divided by 39.
35
What is the remainder when 11 is divided by 8?
3
Calculate the remainder when 241 is divided by 41.
36
What is the remainder when 354 is divided by 58?
6
What is the remainder when 1389 is divided by 58?
55
Calculate the remainder when 78 is divided by 5.
3
What is the remainder when 150 is divided by 13?
7
What is the remainder when 65 is divided by 35?
30
What is the remainder when 1799 is divided by 448?
7
Calculate the remainder when 1078 is divided by 20.
18
What is the remainder when 63 is divided by 43?
20
What is the remainder when 40031 is divided by 139?
138
Calculate the remainder when 2052 is divided by 34.
12
Calculate the remainder when 445 is divided by 78.
55
What is the remainder when 472 is divided by 22?
10
Calculate the remainder when 547 is divided by 107.
12
What is the remainder when 779 is divided by 32?
11
Calculate the remainder when 45 is divided by 19.
7
Calculate the remainder when 532 is divided by 178.
176
Calculate the remainder when 1090 is divided by 13.
11
What is the remainder when 2805 is divided by 54?
51
Calculate the remainder when 128 is divided by 23.
13
Calculate the remainder when 153 is divided by 11.
10
What is the remainder when 2164 is divided by 38?
36
What is the remainder when 550 is divided by 536?
14
What is the remainder when 3067 is divided by 26?
25
What is the remainder when 499 is divided by 42?
37
Calculate the remainder when 213 is divided by 57.
42
Calculate the remainder when 93 is divided by 16.
13
What is the remainder when 72 is divided by 20?
12
Calculate the remainder when 1984 is divided by 10.
4
What is the remainder when 353 is divided by 70?
3
What is the remainder when 645 is divided by 50?
45
Calculate the remainder when 79 is divided by 18.
7
What is the remainder when 359 is divided by 52?
47
What is the remainder when 111 is divided by 39?
33
What is the remainder when 42 is divided by 4?
2
Calculate the remainder when 164 is divided by 60.
44
What is the remainder w